{"id":1484,"date":"2026-04-28T21:16:03","date_gmt":"2026-04-29T03:16:03","guid":{"rendered":"https:\/\/macrosist.com\/?page_id=1484"},"modified":"2026-04-28T21:31:08","modified_gmt":"2026-04-29T03:31:08","slug":"tienda","status":"publish","type":"page","link":"https:\/\/macrosist.com\/?page_id=1484","title":{"rendered":"Compra"},"content":{"rendered":"\n<p>Si desea adquirir una nueva licencia de\u00a0<strong>Interceptor Control Parental,<\/strong>\u00a0deber\u00e1 hacerlo desde la p\u00e1gina de Mercado Libre M\u00e9xico. De cualquier manera trabajaremos para contar pr\u00f3ximamente con esta opci\u00f3n desde de nuestro sitio.<\/p>\n\n\n\n<p>Dir\u00edgete a\u00a0<a href=\"https:\/\/www.mercadolibre.com.mx\/\" target=\"_blank\" rel=\"noreferrer noopener\">MercadoLibre.com.mx<\/a><\/p>\n\n\n\n<p><\/p>\n","protected":false},"excerpt":{"rendered":"<p>Si desea adquirir una nueva licencia de\u00a0Interceptor Control Parental,\u00a0deber\u00e1 hacerlo desde la p\u00e1gina de Mercado Libre M\u00e9xico. De cualquier manera trabajaremos para contar pr\u00f3ximamente con esta opci\u00f3n desde de nuestro sitio. Dir\u00edgete a\u00a0MercadoLibre.com.mx<\/p>\n","protected":false},"author":1,"featured_media":0,"parent":0,"menu_order":0,"comment_status":"closed","ping_status":"closed","template":"","meta":{"site-sidebar-layout":"default","site-content-layout":"","ast-site-content-layout":"default","site-content-style":"default","site-sidebar-style":"default","ast-global-header-display":"","ast-banner-title-visibility":"","ast-main-header-display":"","ast-hfb-above-header-display":"","ast-hfb-below-header-display":"","ast-hfb-mobile-header-display":"","site-post-title":"","ast-breadcrumbs-content":"","ast-featured-img":"","footer-sml-layout":"","ast-disable-related-posts":"","theme-transparent-header-meta":"","adv-header-id-meta":"","stick-header-meta":"","header-above-stick-meta":"","header-main-stick-meta":"","header-below-stick-meta":"","astra-migrate-meta-layouts":"set","ast-page-background-enabled":"default","ast-page-background-meta":{"desktop":{"background-color":"var(--ast-global-color-4)","background-image":"","background-repeat":"repeat","background-position":"center center","background-size":"auto","background-attachment":"scroll","background-type":"","background-media":"","overlay-type":"","overlay-color":"","overlay-opacity":"","overlay-gradient":""},"tablet":{"background-color":"","background-image":"","background-repeat":"repeat","background-position":"center center","background-size":"auto","background-attachment":"scroll","background-type":"","background-media":"","overlay-type":"","overlay-color":"","overlay-opacity":"","overlay-gradient":""},"mobile":{"background-color":"","background-image":"","background-repeat":"repeat","background-position":"center center","background-size":"auto","background-attachment":"scroll","background-type":"","background-media":"","overlay-type":"","overlay-color":"","overlay-opacity":"","overlay-gradient":""}},"ast-content-background-meta":{"desktop":{"background-color":"var(--ast-global-color-5)","background-image":"","background-repeat":"repeat","background-position":"center center","background-size":"auto","background-attachment":"scroll","background-type":"","background-media":"","overlay-type":"","overlay-color":"","overlay-opacity":"","overlay-gradient":""},"tablet":{"background-color":"var(--ast-global-color-5)","background-image":"","background-repeat":"repeat","background-position":"center center","background-size":"auto","background-attachment":"scroll","background-type":"","background-media":"","overlay-type":"","overlay-color":"","overlay-opacity":"","overlay-gradient":""},"mobile":{"background-color":"var(--ast-global-color-5)","background-image":"","background-repeat":"repeat","background-position":"center center","background-size":"auto","background-attachment":"scroll","background-type":"","background-media":"","overlay-type":"","overlay-color":"","overlay-opacity":"","overlay-gradient":""}},"footnotes":""},"class_list":["post-1484","page","type-page","status-publish","hentry"],"_links":{"self":[{"href":"https:\/\/macrosist.com\/index.php?rest_route=\/wp\/v2\/pages\/1484","targetHints":{"allow":["GET"]}}],"collection":[{"href":"https:\/\/macrosist.com\/index.php?rest_route=\/wp\/v2\/pages"}],"about":[{"href":"https:\/\/macrosist.com\/index.php?rest_route=\/wp\/v2\/types\/page"}],"author":[{"embeddable":true,"href":"https:\/\/macrosist.com\/index.php?rest_route=\/wp\/v2\/users\/1"}],"replies":[{"embeddable":true,"href":"https:\/\/macrosist.com\/index.php?rest_route=%2Fwp%2Fv2%2Fcomments&post=1484"}],"version-history":[{"count":5,"href":"https:\/\/macrosist.com\/index.php?rest_route=\/wp\/v2\/pages\/1484\/revisions"}],"predecessor-version":[{"id":1491,"href":"https:\/\/macrosist.com\/index.php?rest_route=\/wp\/v2\/pages\/1484\/revisions\/1491"}],"wp:attachment":[{"href":"https:\/\/macrosist.com\/index.php?rest_route=%2Fwp%2Fv2%2Fmedia&parent=1484"}],"curies":[{"name":"wp","href":"https:\/\/api.w.org\/{rel}","templated":true}]}}